{"id":12739,"date":"2021-04-14T11:27:04","date_gmt":"2021-04-14T11:27:04","guid":{"rendered":"https:\/\/teichenne.com\/shop\/Sense%20categoria\/crema-de-turron-15-vol\/"},"modified":"2026-02-10T14:25:06","modified_gmt":"2026-02-10T12:25:06","slug":"crema-de-torro","status":"publish","type":"product","link":"https:\/\/teichenne.com\/ca\/producto\/crema-de-torro\/","title":{"rendered":"Crema de Torr\u00f3"},"content":{"rendered":"\t\t<div data-elementor-type=\"wp-post\" data-elementor-id=\"12739\" class=\"elementor elementor-12739 elementor-2832\">\n\t\t\t\t\t\t<section class=\"elementor-section elementor-top-section elementor-element elementor-element-13eab9c4 elementor-section-boxed elementor-section-height-default elementor-section-height-default\" data-id=\"13eab9c4\" data-element_type=\"section\" data-settings=\"{&quot;jet_parallax_layout_list&quot;:[]}\">\n\t\t\t\t\t\t<div class=\"elementor-container elementor-column-gap-default\">\n\t\t\t\t\t<div class=\"elementor-column elementor-col-100 elementor-top-column elementor-element elementor-element-76a1a8c1\" data-id=\"76a1a8c1\" data-element_type=\"column\">\n\t\t\t<div class=\"elementor-widget-wrap elementor-element-populated\">\n\t\t\t\t\t\t<div class=\"elementor-element elementor-element-6b1fb7f1 elementor-widget elementor-widget-text-editor\" data-id=\"6b1fb7f1\" data-element_type=\"widget\" data-widget_type=\"text-editor.default\">\n\t\t\t\t<div class=\"elementor-widget-container\">\n\t\t\t\t\t\t\t\t\t<p><span style=\"color: #003366;\"><strong>Aspecto:<\/strong>\u00a0Bebida elaborada a partir de base l\u00e1ctea.\u00a0 Aspecto cremoso. Color beige claro.<\/span><\/p><p><span style=\"color: #003366;\"><strong>Aroma:\u00a0<\/strong>Aromas intenso que integra perfectamente los aromas l\u00e1cteos con notas a frutos de cascara, resaltando principalmente las almendras.<\/span><\/p><p><span style=\"color: #003366;\"><strong>Sabor y textura:\u00a0<\/strong>Denso y cremoso, presenta notas muy agradables a almendras y frutos de cascara. Dulce y bien estructurado. Meloso. S\u00edrvase fr\u00edo.<\/span><\/p>\t\t\t\t\t\t\t\t<\/div>\n\t\t\t\t<\/div>\n\t\t\t\t\t<\/div>\n\t\t<\/div>\n\t\t\t\t\t<\/div>\n\t\t<\/section>\n\t\t\t\t<\/div>\n\t\t","protected":false},"excerpt":{"rendered":"<p>La nostra Crema de Torr\u00f3 s\u2019elabora a partir de la f\u00f3rmula original de les primeres postres que els \u00e0rabs van introduir a les costes de la Mediterr\u00e0nia al segle XVI. Combinaci\u00f3 dels millors ingredients en perfecta harmonia amb la hist\u00f2ria i la tradici\u00f3, que transporten el consumidor a l\u2019origen d\u2019aquestes postres.<\/p>\n","protected":false},"featured_media":21164,"comment_status":"open","ping_status":"closed","template":"","meta":{"_acf_changed":false},"product_brand":[],"product_cat":[121],"product_tag":[],"class_list":{"0":"post-12739","1":"product","2":"type-product","3":"status-publish","4":"has-post-thumbnail","6":"product_cat-cremes","8":"first","9":"instock","10":"taxable","11":"shipping-taxable","12":"purchasable","13":"product-type-simple"},"acf":[],"_links":{"self":[{"href":"https:\/\/teichenne.com\/ca\/wp-json\/wp\/v2\/product\/12739","targetHints":{"allow":["GET"]}}],"collection":[{"href":"https:\/\/teichenne.com\/ca\/wp-json\/wp\/v2\/product"}],"about":[{"href":"https:\/\/teichenne.com\/ca\/wp-json\/wp\/v2\/types\/product"}],"replies":[{"embeddable":true,"href":"https:\/\/teichenne.com\/ca\/wp-json\/wp\/v2\/comments?post=12739"}],"version-history":[{"count":2,"href":"https:\/\/teichenne.com\/ca\/wp-json\/wp\/v2\/product\/12739\/revisions"}],"predecessor-version":[{"id":12753,"href":"https:\/\/teichenne.com\/ca\/wp-json\/wp\/v2\/product\/12739\/revisions\/12753"}],"wp:featuredmedia":[{"embeddable":true,"href":"https:\/\/teichenne.com\/ca\/wp-json\/wp\/v2\/media\/21164"}],"wp:attachment":[{"href":"https:\/\/teichenne.com\/ca\/wp-json\/wp\/v2\/media?parent=12739"}],"wp:term":[{"taxonomy":"product_brand","embeddable":true,"href":"https:\/\/teichenne.com\/ca\/wp-json\/wp\/v2\/product_brand?post=12739"},{"taxonomy":"product_cat","embeddable":true,"href":"https:\/\/teichenne.com\/ca\/wp-json\/wp\/v2\/product_cat?post=12739"},{"taxonomy":"product_tag","embeddable":true,"href":"https:\/\/teichenne.com\/ca\/wp-json\/wp\/v2\/product_tag?post=12739"}],"curies":[{"name":"wp","href":"https:\/\/api.w.org\/{rel}","templated":true}]}}

Crema de Torró

<div data-elementor-type="wp-post" data-elementor-id="12739" class="elementor elementor-12739 elementor-2832">
						<section class="elementor-section elementor-top-section elementor-element elementor-element-13eab9c4 elementor-section-boxed elementor-section-height-default elementor-section-height-default" data-id="13eab9c4" data-element_type="section" data-settings="{&quot;jet_parallax_layout_list&quot;:[]}">
						<div class="elementor-container elementor-column-gap-default">
					<div class="elementor-column elementor-col-100 elementor-top-column elementor-element elementor-element-76a1a8c1" data-id="76a1a8c1" data-element_type="column">
			<div class="elementor-widget-wrap elementor-element-populated">
						<div class="elementor-element elementor-element-6b1fb7f1 elementor-widget elementor-widget-text-editor" data-id="6b1fb7f1" data-element_type="widget" data-widget_type="text-editor.default">
				<div class="elementor-widget-container">
									<p><span style="color: #003366;"><strong>Aspecto:</strong> Bebida elaborada a partir de base láctea.  Aspecto cremoso. Color beige claro.</span></p><p><span style="color: #003366;"><strong>Aroma: </strong>Aromas intenso que integra perfectamente los aromas lácteos con notas a frutos de cascara, resaltando principalmente las almendras.</span></p><p><span style="color: #003366;"><strong>Sabor y textura: </strong>Denso y cremoso, presenta notas muy agradables a almendras y frutos de cascara. Dulce y bien estructurado. Meloso. Sírvase frío.</span></p>								</div>
				</div>
					</div>
		</div>
					</div>
		</section>
				</div>

<p>La nostra Crema de Torró s’elabora a partir de la fórmula original de les primeres postres que els àrabs van introduir a les costes de la Mediterrània al segle XVI. Combinació dels millors ingredients en perfecta harmonia amb la història i la tradició, que transporten el consumidor a l’origen d’aquestes postres.</p>
