{"id":12775,"date":"2021-04-14T11:19:07","date_gmt":"2021-04-14T11:19:07","guid":{"rendered":"https:\/\/teichenne.com\/shop\/Sense%20categoria\/crema-catalana-16-vol\/"},"modified":"2025-05-13T20:20:34","modified_gmt":"2025-05-13T18:20:34","slug":"crema-catalana","status":"publish","type":"product","link":"https:\/\/teichenne.com\/ca\/producto\/crema-catalana\/","title":{"rendered":"Crema Catalana"},"content":{"rendered":"\t\t<div data-elementor-type=\"wp-post\" data-elementor-id=\"12775\" class=\"elementor elementor-12775 elementor-2818\">\n\t\t\t\t\t\t<section class=\"elementor-section elementor-top-section elementor-element elementor-element-25f9f2e9 elementor-section-boxed elementor-section-height-default elementor-section-height-default\" data-id=\"25f9f2e9\" data-element_type=\"section\" data-settings=\"{&quot;jet_parallax_layout_list&quot;:[]}\">\n\t\t\t\t\t\t<div class=\"elementor-container elementor-column-gap-default\">\n\t\t\t\t\t<div class=\"elementor-column elementor-col-100 elementor-top-column elementor-element elementor-element-401536e\" data-id=\"401536e\" data-element_type=\"column\">\n\t\t\t<div class=\"elementor-widget-wrap elementor-element-populated\">\n\t\t\t\t\t\t<div class=\"elementor-element elementor-element-483a4b83 elementor-widget elementor-widget-text-editor\" data-id=\"483a4b83\" data-element_type=\"widget\" data-widget_type=\"text-editor.default\">\n\t\t\t\t<div class=\"elementor-widget-container\">\n\t\t\t\t\t\t\t\t\t<p style=\"background: white; margin: 8.25pt 0cm 8.25pt 0cm;\"><span style=\"color: #003366;\"><strong><span lang=\"ES\" style=\"font-family: Lato, sans-serif;\">Aspecte:<\/span><\/strong><span lang=\"ES\" style=\"font-family: Lato, sans-serif;\">\u00a0Beguda elaborada a partir de base l\u00e0ctia. Aspecte crem\u00f3s. Color groc ou.<\/span><\/span><\/p><p style=\"background: white; margin: 8.25pt 0cm 8.25pt 0cm;\"><span style=\"color: #003366;\"><strong><span lang=\"ES\" style=\"font-family: Lato, sans-serif;\">Aroma:<\/span><\/strong><span lang=\"ES\" style=\"font-family: Lato, sans-serif;\">\u00a0Aromes intens que integra perfectament les aromes de vainilla, canyella i llimona.<\/span><\/span><\/p><p style=\"background: white; margin: 8.25pt 0cm 8.25pt 0cm;\"><span style=\"color: #003366;\"><strong><span lang=\"ES\" style=\"font-family: Lato, sans-serif;\">Sabor i textura:<\/span><\/strong><span lang=\"ES\" style=\"font-family: Lato, sans-serif;\">\u00a0Dens i crem\u00f3s, presenta notes molt agradables a canyella, vainilla i llimona. Aquestes notes s\u2019integren perfectament amb els 16\u00ba alcoh\u00f2lics. En boca \u00e9s dol\u00e7 i ben estructurat. Mel\u00f3s. Servir fred.<\/span><\/span><\/p>\t\t\t\t\t\t\t\t<\/div>\n\t\t\t\t<\/div>\n\t\t\t\t\t<\/div>\n\t\t<\/div>\n\t\t\t\t\t<\/div>\n\t\t<\/section>\n\t\t\t\t<\/div>\n\t\t","protected":false},"excerpt":{"rendered":"<p>Amb m\u00e9s de 65 anys d&#8217;hist\u00f2ria, i seguint la tradici\u00f3 i la recepta original, aix\u00ed com la seva cuidada f\u00f3rmula acompanyada de les millors mat\u00e8ries primeres acuradament seleccionades per a la seva elaboraci\u00f3, fan de la nostra Crema Catalana, una de les millors de del m\u00f3n.<\/p>\n","protected":false},"featured_media":21161,"comment_status":"open","ping_status":"closed","template":"","meta":{"_acf_changed":false},"product_brand":[],"product_cat":[121],"product_tag":[],"class_list":{"0":"post-12775","1":"product","2":"type-product","3":"status-publish","4":"has-post-thumbnail","6":"product_cat-cremes","8":"first","9":"instock","10":"taxable","11":"shipping-taxable","12":"purchasable","13":"product-type-simple"},"acf":[],"_links":{"self":[{"href":"https:\/\/teichenne.com\/ca\/wp-json\/wp\/v2\/product\/12775","targetHints":{"allow":["GET"]}}],"collection":[{"href":"https:\/\/teichenne.com\/ca\/wp-json\/wp\/v2\/product"}],"about":[{"href":"https:\/\/teichenne.com\/ca\/wp-json\/wp\/v2\/types\/product"}],"replies":[{"embeddable":true,"href":"https:\/\/teichenne.com\/ca\/wp-json\/wp\/v2\/comments?post=12775"}],"version-history":[{"count":4,"href":"https:\/\/teichenne.com\/ca\/wp-json\/wp\/v2\/product\/12775\/revisions"}],"predecessor-version":[{"id":18451,"href":"https:\/\/teichenne.com\/ca\/wp-json\/wp\/v2\/product\/12775\/revisions\/18451"}],"wp:featuredmedia":[{"embeddable":true,"href":"https:\/\/teichenne.com\/ca\/wp-json\/wp\/v2\/media\/21161"}],"wp:attachment":[{"href":"https:\/\/teichenne.com\/ca\/wp-json\/wp\/v2\/media?parent=12775"}],"wp:term":[{"taxonomy":"product_brand","embeddable":true,"href":"https:\/\/teichenne.com\/ca\/wp-json\/wp\/v2\/product_brand?post=12775"},{"taxonomy":"product_cat","embeddable":true,"href":"https:\/\/teichenne.com\/ca\/wp-json\/wp\/v2\/product_cat?post=12775"},{"taxonomy":"product_tag","embeddable":true,"href":"https:\/\/teichenne.com\/ca\/wp-json\/wp\/v2\/product_tag?post=12775"}],"curies":[{"name":"wp","href":"https:\/\/api.w.org\/{rel}","templated":true}]}}

<div data-elementor-type="wp-post" data-elementor-id="12775" class="elementor elementor-12775 elementor-2818">
						<section class="elementor-section elementor-top-section elementor-element elementor-element-25f9f2e9 elementor-section-boxed elementor-section-height-default elementor-section-height-default" data-id="25f9f2e9" data-element_type="section" data-settings="{&quot;jet_parallax_layout_list&quot;:[]}">
						<div class="elementor-container elementor-column-gap-default">
					<div class="elementor-column elementor-col-100 elementor-top-column elementor-element elementor-element-401536e" data-id="401536e" data-element_type="column">
			<div class="elementor-widget-wrap elementor-element-populated">
						<div class="elementor-element elementor-element-483a4b83 elementor-widget elementor-widget-text-editor" data-id="483a4b83" data-element_type="widget" data-widget_type="text-editor.default">
				<div class="elementor-widget-container">
									<p style="background: white; margin: 8.25pt 0cm 8.25pt 0cm;"><span style="color: #003366;"><strong><span lang="ES" style="font-family: Lato, sans-serif;">Aspecte:</span></strong><span lang="ES" style="font-family: Lato, sans-serif;"> Beguda elaborada a partir de base làctia. Aspecte cremós. Color groc ou.</span></span></p><p style="background: white; margin: 8.25pt 0cm 8.25pt 0cm;"><span style="color: #003366;"><strong><span lang="ES" style="font-family: Lato, sans-serif;">Aroma:</span></strong><span lang="ES" style="font-family: Lato, sans-serif;"> Aromes intens que integra perfectament les aromes de vainilla, canyella i llimona.</span></span></p><p style="background: white; margin: 8.25pt 0cm 8.25pt 0cm;"><span style="color: #003366;"><strong><span lang="ES" style="font-family: Lato, sans-serif;">Sabor i textura:</span></strong><span lang="ES" style="font-family: Lato, sans-serif;"> Dens i cremós, presenta notes molt agradables a canyella, vainilla i llimona. Aquestes notes s’integren perfectament amb els 16º alcohòlics. En boca és dolç i ben estructurat. Melós. Servir fred.</span></span></p>								</div>
				</div>
					</div>
		</div>
					</div>
		</section>
				</div>

<p>Amb més de 65 anys d&#8217;història, i seguint la tradició i la recepta original, així com la seva cuidada fórmula acompanyada de les millors matèries primeres acuradament seleccionades per a la seva elaboració, fan de la nostra Crema Catalana, una de les millors de del món.</p>
